 of y?
2, 3, 31
Let a be 102/8 + (-11)/((-308)/(-21)). Let x(y) = a*y**2 - 327*y + 8 - 329*y + y**3 + 657*y. List the prime factors of x(-6).
2, 109
Suppose 7699 + 12497 = 11*m. What are the prime factors of m?
2, 3, 17
Suppose 2*a + 3*u - 38920 = 0, 3*a = -55*u + 53*u + 58370. What are the prime factors of a?
2, 71, 137
Suppose -8*i + 7*i = 4*d - 13946, 0 = 5*i + 4*d - 69762. List the prime factors of i.
2, 6977
Let z = 473 - 271. Suppose 27*x + 489 = 1515. Suppose -x = 4*h - z. What are the prime factors of h?
41
Suppose -6*o + 3456 = 2*o. Suppose o = 9*m + 9. Suppose -45*k = -m*k + 252. List the prime factors of k.
2, 3, 7
Let s be (-4)/5 - 546/105. List the prime factors of (1496/12 - 4)/((-1)/s).
2, 181
Let v = 10 - 20. Let m be (-14)/(-70) + (-38)/v. Suppose -2*k = -k - m*s - 103, -5*s + 103 = k. What are the prime factors of k?
103
Let v = -12 - -14. Suppose v*f + 4*f = 2676. Let j = f - 265. List the prime factors of j.
181
Let q = -563 - -560. List the prime factors of ((-3726)/161)/((-2)/((-196)/q)).
2, 3, 7
Let o(c) = 125*c - 262. Let i be 5 - (24/(-60))/((-1)/(-5)). What are the prime factors of o(i)?
613
Suppose -3*l = 5*a - 22, -l - 5 + 17 = 4*a. Suppose 0 = -b - a*v + 240, b - 6*b - 2*v = -1168. What are the prime factors of b?
2, 29
Let c be (2/(-3))/((-6)/(-9)). Let s = 6 - c. Let n(q) = q**2 - q + 17. What are the prime factors of n(s)?
59
Let h(f) be the first derivative of -10 + 25*f - 9/2*f**2. What are the prime factors of h(-9)?
2, 53
Suppose -3*g + 79708 = -5*m, 0 = -3*g - 113*m + 114*m + 79736. List the prime factors of g.
19, 1399
Suppose 4522*i - 4535*i = -21801. What are the prime factors of i?
3, 13, 43
Let s = -84 + 87. Suppose -5*o = i - 120, s*i = 4*o + 84 + 371. Suppose 0 = 7*h - 1160 + i. What are the prime factors of h?
5, 29
What are the prime factors of (522/(-290))/(3/(-5165))?
3, 1033
Suppose -4*o = -4, -16*o + 19*o - 13 = -5*i. Suppose 2*w - 872 = i*u, 0 = u + 3 + 1. What are the prime factors of w?
2, 3
Let m(l) = -15*l - 59. Let w be m(16). Let i = 164 - w. What are the prime factors of i?
463
Let l = -133 - -323. Suppose 230 = -l*t + 191*t. List the prime factors of t.
2, 5, 23
Let v(q) = 26*q + 2*q**2 + 35*q - 48*q - 237 + 0*q**2. What are the prime factors of v(14)?
337
Let d = -1006 - -1469. Suppose -z + d = 2*h, 3*h + 2*z - 708 = 5*z. Suppose 4*i - h = 387. What are the prime factors of i?
5, 31
Suppose -4*y - 2*w + 0*w + 102 = 0, -4*w = 4*y - 112. Suppose -y*i + 4 = -21*i. List the prime factors of ((3 - i)*3)/((-42)/(-1918)).
137
Let v be ((-2 - -8)*6)/(2/25). Suppose -5*c = -2*c - v. Suppose -3*n - 54 + c = 0. What are the prime factors of n?
2
Let q(m) = m**3 - 7*m**2 - 23*m + 29. Let y(d) = d**2 - d + 1. Let a(v) = q(v) - 4*y(v). Let u = 1555 + -1542. What are the prime factors of a(u)?
2, 29
Let s(y) = -114*y - 51. Let w be s(-13). Let v = -787 + w. List the prime factors of v.
2, 7, 23
Let a(r) = -7*r - 11. Let u be a(16). Let s = u + 123. Suppose -9*m + 2*m + 1162 = s. What are the prime factors of m?
2, 83
Let b(w) = 49*w**2 - 10 - 2 + 126*w**2 + 14*w. What are the prime factors of b(2)?
2, 179
Let v(q) = -q**3 + 102*q**2 + 112*q + 631. What are the prime factors of v(102)?
5, 2411
Suppose 8*v = 56817 + 80420 + 35419. What are the prime factors of v?
2, 3, 11, 109
Let c = -454 - -456. Suppose 21*u - c*u = 11343. List the prime factors of u.
3, 199
Suppose 57 - 37 = 5*n, -2529 = -w + n. What are the prime factors of w?
17, 149
Suppose -24*k + 25*k + 3 = 0, 3*j + 5*k + 9 = 0. Suppose -5*y - 7 = -312. List the prime factors of y*(-3)/(-6)*j.
61
Suppose i + 4*h = -661, 3*h - 1089 = 2*i + 200. Let a = i + 1181. What are the prime factors of a?
2, 7, 19
Let i(f) = 4*f**3 + 2*f**2 + 5. Let p(u) = 14*u**3 + 9*u**2 + u + 20. Let d(v) = -9*i(v) + 2*p(v). What are the prime factors of d(-3)?
5, 41
Let p = 3805 - 1909. List the prime factors of p.
2, 3, 79
Let x(i) = 7*i + 689. Let w be x(0). Let q = 1255 - w. What are the prime factors of q?
2, 283
Let l be 3 + (-2 - -3*11). Let m = 32 - l. What are the prime factors of 24 + 3*m/(-6)?
5
Let m = -66 + 74. Suppose m*o = 3*o + 20. Suppose 2*f + 0*p - 315 = -3*p, 0 = -o*f + 4*p + 620. List the prime factors of f.
2, 3, 13
Let o = -167 + 178. Suppose -u = o*f - 6*f - 180, 4*u - 4*f = 816. List the prime factors of u.
2, 5
Suppose 3*c + 113324 + 7995 = 5*m, -3*c - 97054 = -4*m. List the prime factors of m.
5, 23, 211
Let g = 446 - 442. Let q(b) = 56*b**2 + 56*b - 208. List the prime factors of q(g).
2, 3, 19
Suppose 2*c - 15254 = -5*x, 3*x = -4*c + 6*x + 30534. List the prime factors of c.
2, 3, 53
What are the prime factors of (11 + 3423/(-63))*-1197?
2, 3, 5, 7, 13, 19
Let y be 4 + -1 - (-4 + 3). Suppose 7*l - 562 = 5*l - y*i, -1416 = -5*l + i. Suppose -68 + 6 = -k + r, 4*k = -3*r + l. List the prime factors of k.
67
Let l be (-16)/56 - 1048/7. Let s = 445 - l. What are the prime factors of s?
5, 7, 17
What are the prime factors of -13 + 18/(2160/4181745) - (-2)/16?
5, 6967
Suppose 12 = 3*x + 2*t, -t - 4 = 2*x - 12. Suppose 4*n - x*k + 722 - 3526 = 0, -2*n = -5*k - 1402. What are the prime factors of n?
701
Let l(o) = -o**2 - 22*o - 49. Let t be l(-19). List the prime factors of (-5045)/(-25) + t/(-10).
3, 67
Let i(w) = -104*w + 7. Let u be i(-1). Let j = u - 129. Let f = 203 - j. List the prime factors of f.
13, 17
Let p = -1220 - -2616. Suppose -p = -24*k + 716. What are the prime factors of k?
2, 11
Let j(c) = -c**3 + 9*c**2 + 8*c + 18. Let s be 1 + (-2 - (-2 - -5))*-2. Suppose 0 = -s*n + 41 + 47. What are the prime factors of j(n)?
2, 73
Suppose -68387 = -36*m + 184441. What are the prime factors of m?
3, 2341
Suppose 3*g = 9 - 0. Let c be 0 + g - 48/(-24). List the prime factors of 25 + -3*c/(-15).
2, 13
Let z = 13910 - 3152. List the prime factors of z.
2, 3, 11, 163
Let o(h) = 25*h - 5. Let u(n) = -26*n + 6. Let p(i) = 5*o(i) + 4*u(i). Suppose 28*x - 25*x - 31 = -5*q, -x + 17 = 3*q. What are the prime factors of p(q)?
2, 13
Let o = 8654 + -3216. List the prime factors of o.
2, 2719
Let v be ((-4)/6)/((-44)/330). Suppose g - 578 = 2*j, v*g + j = 3*j + 2858. What are the prime factors of g?
2, 3, 5, 19
What are the prime factors of ((-16)/(-46))/4 - 96879216/(-9039)?
2, 23, 233
Suppose 39*r + 40866 = 44*r - 13759. What are the prime factors of r?
5, 19, 23
List the prime factors of 585563/22 - -7 - (-6)/4.
3, 5, 71
Let h(n) = 197*n**2 - 229*n + 358. What are the prime factors of h(16)?
2, 23563
Let j(h) = -h**2 - 5*h + 53. Let p be j(-8). Let b = 482 - p. Suppose r - 189 = -i - 4*i, b = 2*r - 5*i. What are the prime factors of r?
2, 107
Suppose -8*q - 5*q = 2366. Let y = q - -325. List the prime factors of 2/(4/y)*(1 + 1).
11, 13
Let q(y) = -2*y**2 + 4*y + 1. Let s be q(2). What are the prime factors of ((1638/(-45))/(-13))/(s/145)?
2, 7, 29
Let a(n) = 2*n**3 - 5*n**2 - 17*n + 30. Let v be a(14). Suppose 8*g = 13*g - v. Suppose -4*s - g = -4*y, -2*y - 5*s + 621 = y. List the prime factors of y.
2, 53
Let i = -3951 + 2092. Let v = i - -3013. What are the prime factors of v?
2, 577
Suppose 11*s - 10*s + 117 = 0. Let w = s - -119. Suppose -3*o - 3 = -0, 0 = w*v - 4*o - 140. List the prime factors of v.
2, 17
Let v(o) = 48*o**3 + 4*o**2 - 11*o - 3. List the prime factors of v(6).
3, 59
Suppose 4*r = -u - 679 + 4459, 0 = 2*u + 3*r - 7545. List the prime factors of u.
2, 3, 157
Suppose -91*g = -3*g - 8*g - 2055200. List the prime factors of g.
2, 5, 7, 367
Suppose 2*v = -2*p + 16170, 2*p + 80858 = 12*p + 2*v. What are the prime factors of p?
2, 13, 311
Let m = -5 - -328. Suppose -p + 219 = -m. Suppose -p = -9*n - 101. List the prime factors of n.
7
Let n = 654 + 1243. List the prime factors of n.
7, 271
Suppose -42*b + 264352 = 2*b. What are the prime factors of b?
2, 751
Suppose 47*r - 46*r - 2775 = 4*f, 2*r - 5565 = 3*f. What are the prime factors of r?
3, 929
Suppose 48*v = -156*v + 8863596. List the prime factors of v.
3, 7, 2069
Let c(x) = -x**2 - 4*x + 2. Let d be 6/3*(2 - 0/2). Let t be c(d). Let o = t - -45. List the prime factors of o.
3, 5
Let l(p) = p + 1. Let r(z) = -5*z + 14. Let a(m) = -6*l(m) - r(m). Let c be a(5). Let f = -5 - c. What are the prime factors of f?
2, 5
Let h(w) = -w**2 + 36*w + 201. Let d be h(54). Let g = 178 - d. Wha